derivative of -h**4/12 + h**2/2 - 3*h. Let a be v(-2). List the prime factors of (21/(-3))/(-1) - a.
2, 5
Suppose -25 = -4*l - 101. Let a = -6 - 5. Let k = a - l. What are the prime factors of k?
2
Let q(d) be the first derivative of -d**4/4 - 4*d**3/3 + 2*d + 2. Let h be q(-4). List the prime factors of 2/(h - 0) - -10.
11
List the prime factors of (-4 + (-2799)/(-18))*4/3.
2, 101
Let h(s) = s + 3. What are the prime factors of h(9)?
2, 3
Suppose 5*k - s - 148 = s, 4*s = -2*k + 40. What are the prime factors of k?
2, 7
List the prime factors of ((-3)/(-6))/((-4)/(-1920)).
2, 3, 5
Suppose 0 = -5*m + 639 + 781. What are the prime factors of m?
2, 71
Suppose 5 = -5*d + 20. Suppose -d*b = 2*b - 110. List the prime factors of b.
2, 11
List the prime factors of 12 - ((5 - 5) + -1).
13
Suppose 19*p + 2450 = 29*p. List the prime factors of p.
5, 7
Let c(g) = g**3 - 8*g**2 - 5*g - 10. Suppose -s + 0*s = -5*o - 34, 4*s - 5*o - 61 = 0. List the prime factors of c(s).
2, 13
Let b(u) = u**2 - 7*u. Let i = -15 - -39. Let f = i + -16. What are the prime factors of b(f)?
2
Let v(j) = j**3 - 7*j**2 + 8*j - 3. Let q be v(6). Let u = q + 9. List the prime factors of u.
2, 3
Let w(t) = -7*t - 9. Let k be w(-8). Suppose 2*f - k = -5*d, 5*f + 11 = 2*d - 2. What are the prime factors of d?
3
Suppose 0 = -p - p. Suppose p = -3*b + 12 + 15. Let l(i) = i**3 - 8*i**2 - 10*i + 13. List the prime factors of l(b).
2
Let z = -73 - -111. List the prime factors of z.
2, 19
Suppose -4*x + x + 63 = 0. Suppose 0 = -5*b + 19 + x. List the prime factors of b.
2
Suppose -a + 15 = 4*a. Suppose -t + 85 - 12 = 2*m, a*t - 3 = 0. List the prime factors of m.
2, 3
Let z(w) = w**2 - 12*w + 11. Let p be z(11). Let n = 26 + p. List the prime factors of n.
2, 13
Let p(r) = -3*r - 20. List the prime factors of p(-8).
2
Let f = 164 + -80. List the prime factors of f.
2, 3, 7
Let s(u) = u**2 - 4*u. Suppose -3*g - 1 = -31. Let a = g - 5. List the prime factors of s(a).
5
What are the prime factors of ((-218)/10)/(16/(-20))*4?
109
Let h = 8 - 5. List the prime factors of 7 + 0 + 3 + h.
13
Suppose -4*p + p = 45. What are the prime factors of (-5)/(p/(-16))*-3?
2
Suppose 3*r - 84 = -2*u, -23 = -r + 3*u - 2*u. List the prime factors of r.
2, 13
Let g be -2*(1 + 4/(-2)). Suppose -g*u = 2*u. Suppose -p + 0 + 4 = u. What are the prime factors of p?
2
Suppose 2*u - 5 - 5 = -y, 4*u = 3*y. Suppose -31 = -2*q + u. List the prime factors of q.
17
List the prime factors of (2 + -3 - 673)/(-2).
337
Let k(d) = d**3 + 14*d**2 - 17*d + 11. Let s be k(-15). Let w = 74 - s. List the prime factors of w.
3, 11
Suppose -27 = -c - 0*c. What are the prime factors of c?
3
Let k(a) = -a**2 - 3*a + 6. Let v be k(-4). Suppose -4*j + 182 - 40 = -v*u, 5*u + 145 = 4*j. List the prime factors of j.
5, 7
Let b = -32 - -106. What are the prime factors of b?
2, 37
Suppose -m - 4*m + 240 = 0. Suppose 2*i + 3*w - 34 = 0, 4*w + m = 2*i + 2*i. List the prime factors of i.
2, 7
Let d(i) = 4*i**3 - i**2 - 2*i + 2. List the prime factors of d(3).
5, 19
Let r(q) = 12*q + 7. What are the prime factors of r(8)?
103
Suppose -81 = p - 4*p. What are the prime factors of p?
3
Let i(j) = j**3 + 9*j**2 + 9*j - 7. What are the prime factors of i(-7)?
2, 7
Suppose 4*l - 2*g - 29 = g, -7 = l + 4*g. Let u = 7 - l. Suppose 0 = u*f + 2*f + 20, -3*p + 53 = -4*f. What are the prime factors of p?
11
Let r = 63 + 1. List the prime factors of r.
2
Suppose 6*s = 9*s + 12. List the prime factors of ((-11)/s)/(2/8).
11
Suppose 50*d - 2907 = 41*d. What are the prime factors of d?
17, 19
Let l = 7 + -5. Suppose -b - l*n + n = -7, -4*n + 4 = 0. What are the prime factors of b?
2, 3
Suppose -12 = -3*b, -b + 3 = -5*n - 1. Suppose 9*x - 70 = 4*x. Suppose -5*v - g + x = -3*v, n = -v + 3*g - 7. List the prime factors of v.
5
Let k be 3/(((-9)/(-4))/(-3)). Let o be (-14)/(-4)*4/7. What are the prime factors of (k - -12) + 2/o?
3
Suppose -5*c - 37 = -7. Let v(p) = -2*p - 8. Let y be v(c). Let u = y - 2. List the prime factors of u.
2
Let n(p) be the second derivative of -p**4/12 + p**3 + p**2/2 - p. Let v be n(7). Let y(j) = j**2 + 2*j - 2. What are the prime factors of y(v)?
2, 11
Let p be (-3)/((-6)/(-5))*-2. Let h(a) = 1 + 2*a**2 + 3*a**2 + 7*a - 6*a**2. List the prime factors of h(p).
11
Suppose 24*c + 1240 = 28*c. List the prime factors of c.
2, 5, 31
Let d = 13 - -67. What are the prime factors of d?
2, 5
Let s = 5 + -7. Let n be (-3)/5 + s/5. Let m = n + 8. What are the prime factors of m?
7
Let o(q) = -2*q + 2. Suppose 2*u + 0 = -4*k - 12, 0 = -3*u - 6. Let w = -4 + k. List the prime factors of o(w).
2, 7
Let x = -6 + 11. What are the prime factors of x/25 + (-388)/(-10)?
3, 13
Let r = 13 + -2. Let j = 16 - r. List the prime factors of j.
5
Let q(m) = m**3 + 9*m**2 - 12*m - 9. What are the prime factors of q(-10)?
11
Let v(z) = 7*z**2 + 3*z + 4. Let c(d) = d + 1. Let h(g) = -5*c(g) + v(g). Let q = -29 - -28. List the prime factors of h(q).
2
Let p = -21 - -146. List the prime factors of p.
5
List the prime factors of (4/((-16)/(-158)))/(1/4).
2, 79
Suppose 0 = -2*k - 3*i - 28, 2*k + i + i + 28 = 0. Let w = k - -8. What are the prime factors of 34*1*(-3)/w?
17
Suppose j - 1180 = -4*y - 232, 0 = -y - j + 234. What are the prime factors of y?
2, 7, 17
Suppose -4*c + 8 = 3*l, -4*c + 9*c + 3*l - 10 = 0. Suppose -4*i + c*i - 5*p = 5, -32 = -4*i + 4*p. List the prime factors of i.
5
Suppose 3*b - 25 = 3*n + 17, 54 = -5*n + b. Let p(x) = -x**3 - 10*x**2 - 3*x - 9. List the prime factors of p(n).
3, 7
Let q(g) = -g**3 - 5*g**2 - 4*g + 5. Let j be q(-4). Suppose -5*x + 94 = 4*c - 0*c, 5*c = j*x + 95. List the prime factors of c.
3, 7
Let r = -66 - -114. What are the prime factors of r?
2, 3
Let p = 95 - -10. List the prime factors of p.
3, 5, 7
Let q(k) = -2*k + 0*k**2 - 4 + k + k**2. Suppose -4*z - 12 = 0, -5*l + z = -2 - 16. What are the prime factors of q(l)?
2
Suppose 0 = -3*q - 5*y - 19, -4*q - y = -6*y - 33. Suppose 5*v = -r + 33, -3*v + 17 = -r + q*v. List the prime factors of r.
2
Let g(f) = f**2 + 5*f - 7. Let i be g(-6). Let u be i/4 - 567/(-12). Suppose -5*k - u = -2*d, -3*d + 2*d = 4*k + 9. What are the prime factors of d?
11
Suppose 0*l = 5*l - 185. Suppose 5*c - l = 53. List the prime factors of c.
2, 3
Let f(a) = 0 + 0 + 1 + 3*a**2 + 1. List the prime factors of f(-2).
2, 7
Let w = -23 - -27. Suppose u - 25 = -4*k, -6*k + w*k = -u + 49. List the prime factors of u.
41
Let l(k) = k**3 + k + 2 - k**2 + 6*k**2 + 0*k. List the prime factors of l(-4).
2, 7
List the prime factors of (56/(-6))/((-4)/12).
2, 7
Suppose -2*d - 2*d = 8, -5*y + 5*d + 15 = 0. Let k = 4 - y. What are the prime factors of k?
3
Suppose -65 = -9*k + 4*k. List the prime factors of k.
13
Suppose -2*a + 3 = -1. What are the prime factors of ((-8)/a)/(2/(-5))?
2, 5
Suppose 52 = 4*p + 4*q, -5*p - 3*q = -6*q - 65. Suppose 3*j - p = 32. List the prime factors of j.
3, 5
Let n be (-2)/6 + (-28)/(-12). Let r(b) = b**3 - 2*b**2 + 2*b. List the prime factors of r(n).
2
Let c(d) = -5*d**2 - 2*d - 7 + 12*d + 4*d**2. List the prime factors of c(7).
2, 7
Let u be (-4)/(-6)*18/12. Suppose -3*s - 3*z + 0*z + 9 = 0, z = s - u. List the prime factors of s.
2
List the prime factors of 2 - (-17)/(102/1728).
2, 5, 29
Let w = -27 + 29. Let s = 15 + w. What are the prime factors of s?
17
Suppose -3*s = -24 - 9. Suppose 0 = 12*q - s*q - 38. What are the prime factors of q?
2, 19
Let q = 267 - 190. What are the prime factors of q?
7, 11
Let d = 62 + 3. What are the prime factors of 13/(-52) + d/4?
2
Let m = 9 - 4. Let k(v) = 7*v + 2 + v**3 - 3*v**2 - 2*v**2 - v**2. What are the prime factors of k(m)?
2, 3
Let n = 2 + 1. Let b be (-25)/(-20) - n/(-4). Let i = b - -4. What are the prime factors of i?
2, 3
Let o be (2 + (-5)/(-3))*-9. Let m be ((-8)/6)/(4/144). Let b = o - m. List the prime factors of b.
3, 5
What are the prime factors of 1*(58 + 0/2)?
2, 29
Let v = 55 + 13. What are the prime factors of v?
2, 17
Suppose -j + 3*r + 227 = 4*j, 4*j - r = 176. What are the prime factors of j?
43
Suppose 0 = 5*d - 5*q - 115, d = 5*q - 3 + 6. What are the prime factors of d?
2, 7
Let i be -1 + (-12)/(1 + -2). Let l = -6 + i. What are the prime factors of l?
5
What are the prime factors of -3*(-6)/(-9) - -27?
5
Let v(